{"id":310,"date":"2021-01-29T17:24:41","date_gmt":"2021-01-29T17:24:41","guid":{"rendered":"https:\/\/farmaciaandria.it\/?page_id=310"},"modified":"2022-02-19T13:43:09","modified_gmt":"2022-02-19T13:43:09","slug":"i-valori-in-cui-crediamo","status":"publish","type":"page","link":"https:\/\/farmaciaandria.it\/?page_id=310","title":{"rendered":"I valori in cui crediamo"},"content":{"rendered":"\n<p><span class=\"has-inline-color has-vivid-red-color\"><strong>L&#8217;etica professionale<\/strong> <\/span>per noi della <strong>Farmacia Andria<\/strong> \u00e8 il punto centrale che guida il lavoro e quello delle persone che lavorano con noi.<\/p>\n\n\n\n<p>Abbiamo deciso d&#8217;impegnarci giornalmente per migliorare la qualit\u00e0 della vita dei nostri clienti e per questo non vogliamo trattarli da semplici clienti ma instaurare un rapporto basato sulla fiducia, senza segreti, al fine di raggiungere la mission aziendale che abbiamo scelto:<\/p>\n\n\n\n<p class=\"has-text-align-center\"><strong>&#8220;La tua salute \u00e8 il nostro impegno quotidiano&#8221;<\/strong><\/p>\n\n\n\n<p>Per far questo ci siamo dati delle <strong>regole <\/strong>che guidano il nostro percorso verso la soddisfazione della nostra clientela.<\/p>\n\n\n\n<ul><li><span class=\"has-inline-color has-vivid-red-color\"><strong>Competenza<\/strong><\/span>: non basta la laurea per essere competenti a vita, infatti seguiamo costantemente corsi d&#8217;aggiornamento e leggiamo testate giornalistiche che ci permettono di essere aggiornati sulle ultime novit\u00e0 in campo medico e farmaceutico.<\/li><\/ul>\n\n\n\n<p><\/p>\n\n\n\n<ul><li><strong><span class=\"has-inline-color has-vivid-red-color\">Lealt\u00e0<\/span><\/strong>: crediamo fermamente che l&#8217;onesta e la lealt\u00e0 siano le basi per soddisfare i clienti. Per questo motivo abbiamo deciso di non fare strani &#8220;accordi&#8221; con aziende farmaceutiche o rivenditori per aumentare gli sconti ai nostri clienti ed essere costretti a vendere determinati prodotti. Vogliamo essere liberi di consigliare il prodotto giusto non quello che ci conviene vendere semplicemente perch\u00e8 ne abbiamo il magazzino pieno. Resta il fatto che nella selezione delle aziende e dei prodotti da proporre in farmacia seguiamo gli stessi valori. Vogliamo essere liberi, per noi la farmacia non \u00e8 un supermercato ma un posto dove si &#8220;vende&#8221; salute ed i prodotti\/farmaci sono il mezzo per raggiungerla, questo pu\u00f2 avvenire solo se i consigli del farmacista non seguono delle imposizioni commerciali.<\/li><\/ul>\n\n\n\n<p><\/p>\n\n\n\n<ul><li><strong><span class=\"has-inline-color has-vivid-red-color\">Clienti<\/span><\/strong>: per noi i clienti sono al primo posto, capita a tutti di arrivare stanchi a lavoro o di avere altri problemi, secondo la nostra visione aziendale, il farmacista che lavora con noi deve mettere il cliente al centro, vogliamo che indipendentemente da quante persone varcano la soglia della nostra farmacia, anche l&#8217;ultimo cliente prima della chiusura sia servito con la stessa attenzione del primo.  Tramite il nostro sito, in totale anonimato potrai scriverci quello che secondo te non va, non pensare che non venga letto anzi per noi rappresenta una grande opportunit\u00e0 per migliorare.<\/li><\/ul>\n\n\n\n<p><\/p>\n\n\n\n<ul><li><span class=\"has-inline-color has-vivid-red-color\"><strong>Passione<\/strong><\/span>: senza passione nessun obiettivo \u00e8 raggiungibile, sicuramente la nostra sar\u00e0 una sfida importante ma siamo certi che le nostre competenze e la nostra disponibilit\u00e0 saranno premiate nel lungo periodo.<\/li><\/ul>\n\n\n\n<p><\/p>\n\n\n\n<ul><li><strong><span class=\"has-inline-color has-vivid-red-color\">Divulgare informazioni<\/span><\/strong>: vogliamo aiutare i nostri clienti a prendere maggiore consapevolezza degli argomenti inerenti la salute e la prevenzione per far questo abbiamo deciso di divulgare tramite la nostra pagina facebook ed il nostro blog delle informazioni che riteniamo importanti per migliorare la tua qualit\u00e0 della vita. <\/li><\/ul>\n","protected":false},"excerpt":{"rendered":"<p>L&#8217;etica professionale per noi della Farmacia Andria \u00e8 il punto centrale che guida il lavoro e quello delle persone che lavorano con noi. Abbiamo deciso d&#8217;impegnarci giornalmente per migliorare la &hellip; <\/p>\n","protected":false},"author":1,"featured_media":0,"parent":0,"menu_order":0,"comment_status":"closed","ping_status":"closed","template":"","meta":[],"_links":{"self":[{"href":"https:\/\/farmaciaandria.it\/index.php?rest_route=\/wp\/v2\/pages\/310"}],"collection":[{"href":"https:\/\/farmaciaandria.it\/index.php?rest_route=\/wp\/v2\/pages"}],"about":[{"href":"https:\/\/farmaciaandria.it\/index.php?rest_route=\/wp\/v2\/types\/page"}],"author":[{"embeddable":true,"href":"https:\/\/farmaciaandria.it\/index.php?rest_route=\/wp\/v2\/users\/1"}],"replies":[{"embeddable":true,"href":"https:\/\/farmaciaandria.it\/index.php?rest_route=%2Fwp%2Fv2%2Fcomments&post=310"}],"version-history":[{"count":6,"href":"https:\/\/farmaciaandria.it\/index.php?rest_route=\/wp\/v2\/pages\/310\/revisions"}],"predecessor-version":[{"id":475,"href":"https:\/\/farmaciaandria.it\/index.php?rest_route=\/wp\/v2\/pages\/310\/revisions\/475"}],"wp:attachment":[{"href":"https:\/\/farmaciaandria.it\/index.php?rest_route=%2Fwp%2Fv2%2Fmedia&parent=310"}],"curies":[{"name":"wp","href":"https:\/\/api.w.org\/{rel}","templated":true}]}}