{"id":304,"date":"2021-01-29T17:19:55","date_gmt":"2021-01-29T17:19:55","guid":{"rendered":"https:\/\/farmaciaandria.it\/?page_id=304"},"modified":"2021-12-18T13:54:36","modified_gmt":"2021-12-18T13:54:36","slug":"chi-siamo","status":"publish","type":"page","link":"https:\/\/farmaciaandria.it\/?page_id=304","title":{"rendered":"Chi Siamo"},"content":{"rendered":"\n<p class=\"has-text-align-left\">Prima di iniziare a raccontarti nelle altre pagine di questo sito come la nostra farmacia pu\u00f2 aiutarti a migliorare quotidianamente la tua salute permettici di presentarci ma soprattutto spiegarti perch\u00e8 abbiamo deciso di dare il nome della tua citt\u00e0 alla nostra Farmacia.<\/p>\n\n\n\n<p class=\"has-text-align-left\">Siamo due fratelli, Vincenzo e Concetta, appassionati fin da piccoli del mondo della Farmacia inteso come un luogo dove non si vendono solo medicine o si fa commercio puntando al solo aspetto economico ma bens\u00ec un posto dove poter aiutare i clienti che hanno bisogno di un consiglio, di una parola di conforto o di un semplice sorriso. Detto francamente la farmacia rappresenta il primo &#8220;filtro&#8221; al quale i pazienti si rivolgono quando hanno un problema di salute o un semplice dubbio<\/p>\n\n\n\n<p>Questa visione della farmacia ci ha sempre accomunato, non per niente abbiamo deciso di fare di questa la mission della nostra farmacia &#8220;La tua salute \u00e8 il nostro impegno quotidiano&#8221;.<\/p>\n\n\n\n<p>Si per noi la farmacia \u00e8 un luogo dove si vende salute non medicine, un luogo che concorrere al miglioramento della salute e al raggiungimento del benessere della popolazione, un luogo dove divulgare informazioni e soprattutto un luogo dove non scendere a compromessi con le dinamiche commerciali e il profitto.<\/p>\n\n\n\n<p class=\"has-text-align-left\">Nel 2012, forti di questa visione comune abbiamo deciso di partecipare ad un concorso pubblico per l&#8217;apertura di nuove farmacie e tra le scelte disponibili ai primi posti abbiamo messo la citt\u00e0 di Andria.<\/p>\n\n\n\n<p>Appena ci \u00e8 stata assegnata la sede non ci abbiamo pensato un attimo a mettere da parte il nostro &#8220;ego&#8221; non chiamando la farmacia con il nostro cognome ma con il nome della citt\u00e0 e per rafforzare questa nostra idea abbiamo inserito nel logo i tre campanili simbolo della citt\u00e0.<\/p>\n\n\n\n<p>Ci \u00e8 sembrato un gesto di gratitudine verso il destino e la popolazione che ci ha accolti bene fin dal primo momento.<\/p>\n\n\n\n<p>Vogliamo essere la farmacia delle persone e fare della disponibilit\u00e0 il fulcro del nostro lavoro! Chi viene da noi deve sentirsi a &#8220;casa&#8221;, deve essere certo che il nostro consiglio \u00e8 disinteressato e che quello che acquista non \u00e8 condizionato da dinamiche commerciali.<\/p>\n\n\n\n<p>Ora che hai scoperto chi siamo ti consiglio di continuare a visitare periodicamente il nostro sito, nella sezione blog troverai spesso notizie sulla  salute, abbiamo deciso di pubblicare periodicamente degli articoli che trattano argomenti sulla salute, sulla prevenzione e sul benessere.<br><\/p>\n\n\n\n<p><\/p>\n\n\n\n<p class=\"has-text-align-left\"><br><\/p>\n","protected":false},"excerpt":{"rendered":"<p>Prima di iniziare a raccontarti nelle altre pagine di questo sito come la nostra farmacia pu\u00f2 aiutarti a migliorare quotidianamente la tua salute permettici di presentarci ma soprattutto spiegarti perch\u00e8 &hellip; <\/p>\n","protected":false},"author":1,"featured_media":0,"parent":0,"menu_order":0,"comment_status":"closed","ping_status":"closed","template":"","meta":[],"_links":{"self":[{"href":"https:\/\/farmaciaandria.it\/index.php?rest_route=\/wp\/v2\/pages\/304"}],"collection":[{"href":"https:\/\/farmaciaandria.it\/index.php?rest_route=\/wp\/v2\/pages"}],"about":[{"href":"https:\/\/farmaciaandria.it\/index.php?rest_route=\/wp\/v2\/types\/page"}],"author":[{"embeddable":true,"href":"https:\/\/farmaciaandria.it\/index.php?rest_route=\/wp\/v2\/users\/1"}],"replies":[{"embeddable":true,"href":"https:\/\/farmaciaandria.it\/index.php?rest_route=%2Fwp%2Fv2%2Fcomments&post=304"}],"version-history":[{"count":3,"href":"https:\/\/farmaciaandria.it\/index.php?rest_route=\/wp\/v2\/pages\/304\/revisions"}],"predecessor-version":[{"id":456,"href":"https:\/\/farmaciaandria.it\/index.php?rest_route=\/wp\/v2\/pages\/304\/revisions\/456"}],"wp:attachment":[{"href":"https:\/\/farmaciaandria.it\/index.php?rest_route=%2Fwp%2Fv2%2Fmedia&parent=304"}],"curies":[{"name":"wp","href":"https:\/\/api.w.org\/{rel}","templated":true}]}}